{"id":10,"date":"2017-04-24T09:28:05","date_gmt":"2017-04-24T07:28:05","guid":{"rendered":"http:\/\/design.siegfried-scania.de\/?page_id=10"},"modified":"2024-06-06T07:38:44","modified_gmt":"2024-06-06T07:38:44","slug":"startseite","status":"publish","type":"page","link":"https:\/\/siegfriedundsohn.de\/","title":{"rendered":"Willkommen bei Siegfried &#038; Sohn"},"content":{"rendered":"\t\t<div data-elementor-type=\"wp-page\" data-elementor-id=\"10\" class=\"elementor elementor-10\">\n\t\t\t\t\t\t<section class=\"elementor-section elementor-top-section elementor-element elementor-element-6d9c6ba7 elementor-section-boxed elementor-section-height-default elementor-section-height-default\" data-id=\"6d9c6ba7\" data-element_type=\"section\" data-e-type=\"section\">\n\t\t\t\t\t\t<div class=\"elementor-container elementor-column-gap-default\">\n\t\t\t\t\t<div class=\"elementor-column elementor-col-100 elementor-top-column elementor-element elementor-element-11d89355\" data-id=\"11d89355\" data-element_type=\"column\" data-e-type=\"column\">\n\t\t\t<div class=\"elementor-widget-wrap elementor-element-populated\">\n\t\t\t\t\t\t<div class=\"elementor-element elementor-element-5d1463fe elementor-widget elementor-widget-text-editor\" data-id=\"5d1463fe\" data-element_type=\"widget\" data-e-type=\"widget\" data-widget_type=\"text-editor.default\">\n\t\t\t\t<div class=\"elementor-widget-container\">\n\t\t\t\t\t\t\t\t\t<p style=\"text-align: center;\">Siegfried &amp; Sohn GmbH ist Ihr SCANIA Servicepartner in Hochheim. Wir bieten Ihnen <strong>Service, stark wie SIEGFRIED<\/strong>.<br \/>Unser Familienunternehmen f\u00fchrt auf \u00fcber 70 Jahre zuverl\u00e4ssigen Service f\u00fcr Ihre Mobilit\u00e4t in der Nutzfahrzeug Branche zur\u00fcck.<br \/>In unserem Betrieb k\u00f6nnen wir durch unser geschultes Team umfassenden Service f\u00fcr SCANIA, Krone, Schmitz Cargobull<br \/>und weitere namhafte Hersteller anbieten.<\/p>\n<p>\u00a0<\/p>\n<h3 style=\"text-align: center;\"><img fetchpriority=\"high\" decoding=\"async\" class=\"aligncenter wp-image-482 size-full\" src=\"https:\/\/siegfriedundsohn.de\/wp-content\/uploads\/2024\/05\/Stellensuche.png\" alt=\"\" width=\"558\" height=\"396\" srcset=\"https:\/\/siegfriedundsohn.de\/wp-content\/uploads\/2024\/05\/Stellensuche.png 558w, https:\/\/siegfriedundsohn.de\/wp-content\/uploads\/2024\/05\/Stellensuche-300x213.png 300w\" sizes=\"(max-width: 558px) 100vw, 558px\" \/><\/h3>\n<h3 style=\"text-align: center;\">\u00a0<\/h3>\n<div>\u00a0<\/div>\n<div style=\"text-align: center;\"><div  class=\"lgc-column lgc-grid-parent lgc-grid-50 lgc-tablet-grid-50 lgc-mobile-grid-100 lgc-equal-heights \"><div  class=\"inside-grid-column\"><\/div>\n<div style=\"text-align: center;\">\n<p><span style=\"color: #808080;\"><strong>UNSERE \u00d6FFNUNGSZEITEN<\/strong><\/span><\/p>\n<p>Mo &#8211; Fr: 7:30 &#8211; 17:00 Uhr<br \/>Samstag: 8:00 \u2013 12:00 Uhr<\/p><\/div><\/div>\n<div style=\"text-align: center;\">\n<div  class=\"lgc-column lgc-grid-parent lgc-grid-50 lgc-tablet-grid-50 lgc-mobile-grid-100 lgc-equal-heights \"><div  class=\"inside-grid-column\">\n<p style=\"text-align: center;\"><span style=\"color: #808080;\"><strong>\u00a0<\/strong><\/span><\/p>\n<p style=\"text-align: center;\"><span style=\"color: #808080;\"><strong>24H NOTFALLNUMMER<\/strong><\/span><\/p>\n<p>Tel: +49 (0)261 \/ 8878888<br \/>24h erreichbar \u00fcber die Scania-Notruf Hotline.<\/p><\/div><\/div>\n<p>\u00a0<\/p>\n<\/div>\n<p style=\"text-align: center;\"><strong>Anfahrt<\/strong><\/p>\n<h4 style=\"text-align: center;\"><strong><span style=\"color: #ff0000;\">\u00a0<\/span><\/strong><\/h4>\n<p style=\"text-align: center;\"><strong><span style=\"color: #ff0000;\">\u00a0<\/span><\/strong><\/p>\n<p style=\"text-align: center;\"><iframe style=\"border: 0;\" src=\"https:\/\/www.google.com\/maps\/embed?pb=!1m18!1m12!1m3!1d2563.8496374449214!2d8.367931315815424!3d50.01417342658494!2m3!1f0!2f0!3f0!3m2!1i1024!2i768!4f13.1!3m3!1m2!1s0x47bd98576d459a4b%3A0x3a0c9a1af070deee!2sDr.-Ruben-Rausing-Stra%C3%9Fe+2A%2C+65239+Hochheim+am+Main!5e0!3m2!1sde!2sde!4v1493210600310\" width=\"600\" height=\"450\" frameborder=\"0\" allowfullscreen=\"allowfullscreen\"><\/iframe><\/p>\n<p>\u00a0<\/p>\n<\/div>\n<p><\/p>\t\t\t\t\t\t\t\t<\/div>\n\t\t\t\t<\/div>\n\t\t\t\t\t<\/div>\n\t\t<\/div>\n\t\t\t\t\t<\/div>\n\t\t<\/section>\n\t\t\t\t<section class=\"elementor-section elementor-top-section elementor-element elementor-element-73d65bc elementor-section-content-middle elementor-section-boxed elementor-section-height-default elementor-section-height-default\" data-id=\"73d65bc\" data-element_type=\"section\" data-e-type=\"section\">\n\t\t\t\t\t\t<div class=\"elementor-container elementor-column-gap-default\">\n\t\t\t\t\t<div class=\"elementor-column elementor-col-14 elementor-top-column elementor-element elementor-element-d7b69bb\" data-id=\"d7b69bb\" data-element_type=\"column\" data-e-type=\"column\">\n\t\t\t<div class=\"elementor-widget-wrap elementor-element-populated\">\n\t\t\t\t\t\t<div class=\"elementor-element elementor-element-b10a7eb elementor-widget elementor-widget-image\" data-id=\"b10a7eb\" data-element_type=\"widget\" data-e-type=\"widget\" data-widget_type=\"image.default\">\n\t\t\t\t<div class=\"elementor-widget-container\">\n\t\t\t\t\t\t\t\t\t\t\t\t\t\t\t\t<a href=\"https:\/\/www.toll-collect.de\/de\/\" target=\"_blank\">\n\t\t\t\t\t\t\t<img decoding=\"async\" width=\"267\" height=\"120\" src=\"https:\/\/siegfriedundsohn.de\/wp-content\/uploads\/2017\/04\/tollcollect.png\" class=\"attachment-medium size-medium wp-image-71\" alt=\"\" \/>\t\t\t\t\t\t\t\t<\/a>\n\t\t\t\t\t\t\t\t\t\t\t\t\t\t\t<\/div>\n\t\t\t\t<\/div>\n\t\t\t\t\t<\/div>\n\t\t<\/div>\n\t\t\t\t<div class=\"elementor-column elementor-col-14 elementor-top-column elementor-element elementor-element-0cb37cc\" data-id=\"0cb37cc\" data-element_type=\"column\" data-e-type=\"column\">\n\t\t\t<div class=\"elementor-widget-wrap elementor-element-populated\">\n\t\t\t\t\t\t<div class=\"elementor-element elementor-element-1c79a00 elementor-widget elementor-widget-image\" data-id=\"1c79a00\" data-element_type=\"widget\" data-e-type=\"widget\" data-widget_type=\"image.default\">\n\t\t\t\t<div class=\"elementor-widget-container\">\n\t\t\t\t\t\t\t\t\t\t\t\t\t\t\t\t<a href=\"https:\/\/www.bpw.de\/\" target=\"_blank\">\n\t\t\t\t\t\t\t<img decoding=\"async\" width=\"213\" height=\"131\" src=\"https:\/\/siegfriedundsohn.de\/wp-content\/uploads\/2017\/04\/BPW.jpg\" class=\"attachment-large size-large wp-image-68\" alt=\"\" srcset=\"https:\/\/siegfriedundsohn.de\/wp-content\/uploads\/2017\/04\/BPW.jpg 213w, https:\/\/siegfriedundsohn.de\/wp-content\/uploads\/2017\/04\/BPW-80x50.jpg 80w\" sizes=\"(max-width: 213px) 100vw, 213px\" \/>\t\t\t\t\t\t\t\t<\/a>\n\t\t\t\t\t\t\t\t\t\t\t\t\t\t\t<\/div>\n\t\t\t\t<\/div>\n\t\t\t\t\t<\/div>\n\t\t<\/div>\n\t\t\t\t<div class=\"elementor-column elementor-col-14 elementor-top-column elementor-element elementor-element-4ce487c\" data-id=\"4ce487c\" data-element_type=\"column\" data-e-type=\"column\">\n\t\t\t<div class=\"elementor-widget-wrap elementor-element-populated\">\n\t\t\t\t\t\t<div class=\"elementor-element elementor-element-c42e61a elementor-widget elementor-widget-image\" data-id=\"c42e61a\" data-element_type=\"widget\" data-e-type=\"widget\" data-widget_type=\"image.default\">\n\t\t\t\t<div class=\"elementor-widget-container\">\n\t\t\t\t\t\t\t\t\t\t\t\t\t\t\t\t<a href=\"https:\/\/www.cargobull.com\/de\" target=\"_blank\">\n\t\t\t\t\t\t\t<img loading=\"lazy\" decoding=\"async\" width=\"425\" height=\"148\" src=\"https:\/\/siegfriedundsohn.de\/wp-content\/uploads\/2017\/04\/scb-servpartn-dt_RGB.jpg\" class=\"attachment-large size-large wp-image-70\" alt=\"\" srcset=\"https:\/\/siegfriedundsohn.de\/wp-content\/uploads\/2017\/04\/scb-servpartn-dt_RGB.jpg 425w, https:\/\/siegfriedundsohn.de\/wp-content\/uploads\/2017\/04\/scb-servpartn-dt_RGB-300x104.jpg 300w\" sizes=\"(max-width: 425px) 100vw, 425px\" \/>\t\t\t\t\t\t\t\t<\/a>\n\t\t\t\t\t\t\t\t\t\t\t\t\t\t\t<\/div>\n\t\t\t\t<\/div>\n\t\t\t\t\t<\/div>\n\t\t<\/div>\n\t\t\t\t<div class=\"elementor-column elementor-col-14 elementor-top-column elementor-element elementor-element-924f6c4\" data-id=\"924f6c4\" data-element_type=\"column\" data-e-type=\"column\">\n\t\t\t<div class=\"elementor-widget-wrap elementor-element-populated\">\n\t\t\t\t\t\t<div class=\"elementor-element elementor-element-d34c377 elementor-widget elementor-widget-image\" data-id=\"d34c377\" data-element_type=\"widget\" data-e-type=\"widget\" data-widget_type=\"image.default\">\n\t\t\t\t<div class=\"elementor-widget-container\">\n\t\t\t\t\t\t\t\t\t\t\t\t\t\t\t\t<a href=\"https:\/\/www.wabco-auto.com\/emea\/home\" target=\"_blank\">\n\t\t\t\t\t\t\t<img loading=\"lazy\" decoding=\"async\" width=\"686\" height=\"120\" src=\"https:\/\/siegfriedundsohn.de\/wp-content\/uploads\/2017\/04\/wabco.png\" class=\"attachment-large size-large wp-image-72\" alt=\"\" srcset=\"https:\/\/siegfriedundsohn.de\/wp-content\/uploads\/2017\/04\/wabco.png 686w, https:\/\/siegfriedundsohn.de\/wp-content\/uploads\/2017\/04\/wabco-300x52.png 300w\" sizes=\"(max-width: 686px) 100vw, 686px\" \/>\t\t\t\t\t\t\t\t<\/a>\n\t\t\t\t\t\t\t\t\t\t\t\t\t\t\t<\/div>\n\t\t\t\t<\/div>\n\t\t\t\t\t<\/div>\n\t\t<\/div>\n\t\t\t\t<div class=\"elementor-column elementor-col-14 elementor-top-column elementor-element elementor-element-6620ee4\" data-id=\"6620ee4\" data-element_type=\"column\" data-e-type=\"column\">\n\t\t\t<div class=\"elementor-widget-wrap elementor-element-populated\">\n\t\t\t\t\t\t<div class=\"elementor-element elementor-element-32a0245 elementor-widget elementor-widget-image\" data-id=\"32a0245\" data-element_type=\"widget\" data-e-type=\"widget\" data-widget_type=\"image.default\">\n\t\t\t\t<div class=\"elementor-widget-container\">\n\t\t\t\t\t\t\t\t\t\t\t\t\t\t\t\t<a href=\"https:\/\/safholland.com\/de\" target=\"_blank\">\n\t\t\t\t\t\t\t<img loading=\"lazy\" decoding=\"async\" width=\"327\" height=\"54\" src=\"https:\/\/siegfriedundsohn.de\/wp-content\/uploads\/2017\/04\/safholland.png\" class=\"attachment-large size-large wp-image-69\" alt=\"\" srcset=\"https:\/\/siegfriedundsohn.de\/wp-content\/uploads\/2017\/04\/safholland.png 327w, https:\/\/siegfriedundsohn.de\/wp-content\/uploads\/2017\/04\/safholland-300x50.png 300w\" sizes=\"(max-width: 327px) 100vw, 327px\" \/>\t\t\t\t\t\t\t\t<\/a>\n\t\t\t\t\t\t\t\t\t\t\t\t\t\t\t<\/div>\n\t\t\t\t<\/div>\n\t\t\t\t\t<\/div>\n\t\t<\/div>\n\t\t\t\t<div class=\"elementor-column elementor-col-14 elementor-top-column elementor-element elementor-element-fe9aeeb\" data-id=\"fe9aeeb\" data-element_type=\"column\" data-e-type=\"column\">\n\t\t\t<div class=\"elementor-widget-wrap elementor-element-populated\">\n\t\t\t\t\t\t<div class=\"elementor-element elementor-element-4aac9d4 elementor-widget__width-initial elementor-widget elementor-widget-image\" data-id=\"4aac9d4\" data-element_type=\"widget\" data-e-type=\"widget\" data-widget_type=\"image.default\">\n\t\t\t\t<div class=\"elementor-widget-container\">\n\t\t\t\t\t\t\t\t\t\t\t\t\t\t\t\t<a href=\"http:\/\/www.scania.de\/\" target=\"_blank\">\n\t\t\t\t\t\t\t<img loading=\"lazy\" decoding=\"async\" width=\"260\" height=\"98\" src=\"https:\/\/siegfriedundsohn.de\/wp-content\/uploads\/2020\/12\/scania_logo_slider_op-e1608736113811.png\" class=\"attachment-large size-large wp-image-408\" alt=\"\" \/>\t\t\t\t\t\t\t\t<\/a>\n\t\t\t\t\t\t\t\t\t\t\t\t\t\t\t<\/div>\n\t\t\t\t<\/div>\n\t\t\t\t\t<\/div>\n\t\t<\/div>\n\t\t\t\t<div class=\"elementor-column elementor-col-14 elementor-top-column elementor-element elementor-element-ee49ebb\" data-id=\"ee49ebb\" data-element_type=\"column\" data-e-type=\"column\">\n\t\t\t<div class=\"elementor-widget-wrap elementor-element-populated\">\n\t\t\t\t\t\t<div class=\"elementor-element elementor-element-7382446 elementor-widget elementor-widget-image\" data-id=\"7382446\" data-element_type=\"widget\" data-e-type=\"widget\" data-widget_type=\"image.default\">\n\t\t\t\t<div class=\"elementor-widget-container\">\n\t\t\t\t\t\t\t\t\t\t\t\t\t\t\t\t<a href=\"https:\/\/www.krone-trailer.com\">\n\t\t\t\t\t\t\t<img loading=\"lazy\" decoding=\"async\" width=\"1024\" height=\"161\" src=\"https:\/\/siegfriedundsohn.de\/wp-content\/uploads\/2024\/06\/KRONE_NFZ_Logo_fbg_2023-1024x161.jpg\" class=\"attachment-large size-large wp-image-497\" alt=\"\" srcset=\"https:\/\/siegfriedundsohn.de\/wp-content\/uploads\/2024\/06\/KRONE_NFZ_Logo_fbg_2023-1024x161.jpg 1024w, https:\/\/siegfriedundsohn.de\/wp-content\/uploads\/2024\/06\/KRONE_NFZ_Logo_fbg_2023-300x47.jpg 300w, https:\/\/siegfriedundsohn.de\/wp-content\/uploads\/2024\/06\/KRONE_NFZ_Logo_fbg_2023-768x121.jpg 768w, https:\/\/siegfriedundsohn.de\/wp-content\/uploads\/2024\/06\/KRONE_NFZ_Logo_fbg_2023.jpg 1380w\" sizes=\"(max-width: 1024px) 100vw, 1024px\" \/>\t\t\t\t\t\t\t\t<\/a>\n\t\t\t\t\t\t\t\t\t\t\t\t\t\t\t<\/div>\n\t\t\t\t<\/div>\n\t\t\t\t\t<\/div>\n\t\t<\/div>\n\t\t\t\t\t<\/div>\n\t\t<\/section>\n\t\t\t\t<\/div>\n\t\t","protected":false},"excerpt":{"rendered":"<p>Siegfried &amp; Sohn GmbH ist Ihr SCANIA Servicepartner in Hochheim. Wir bieten Ihnen Service, stark wie SIEGFRIED.Unser Familienunternehmen f\u00fchrt auf \u00fcber 70 Jahre zuverl\u00e4ssigen Service f\u00fcr Ihre Mobilit\u00e4t in der Nutzfahrzeug Branche zur\u00fcck.In unserem Betrieb k\u00f6nnen wir durch unser geschultes &hellip; <a href=\"https:\/\/siegfriedundsohn.de\/\">Weiter<\/a><\/p>\n","protected":false},"author":1,"featured_media":0,"parent":0,"menu_order":0,"comment_status":"closed","ping_status":"closed","template":"","meta":{"footnotes":""},"class_list":["post-10","page","type-page","status-publish","hentry"],"_links":{"self":[{"href":"https:\/\/siegfriedundsohn.de\/index.php?rest_route=\/wp\/v2\/pages\/10","targetHints":{"allow":["GET"]}}],"collection":[{"href":"https:\/\/siegfriedundsohn.de\/index.php?rest_route=\/wp\/v2\/pages"}],"about":[{"href":"https:\/\/siegfriedundsohn.de\/index.php?rest_route=\/wp\/v2\/types\/page"}],"author":[{"embeddable":true,"href":"https:\/\/siegfriedundsohn.de\/index.php?rest_route=\/wp\/v2\/users\/1"}],"replies":[{"embeddable":true,"href":"https:\/\/siegfriedundsohn.de\/index.php?rest_route=%2Fwp%2Fv2%2Fcomments&post=10"}],"version-history":[{"count":164,"href":"https:\/\/siegfriedundsohn.de\/index.php?rest_route=\/wp\/v2\/pages\/10\/revisions"}],"predecessor-version":[{"id":520,"href":"https:\/\/siegfriedundsohn.de\/index.php?rest_route=\/wp\/v2\/pages\/10\/revisions\/520"}],"wp:attachment":[{"href":"https:\/\/siegfriedundsohn.de\/index.php?rest_route=%2Fwp%2Fv2%2Fmedia&parent=10"}],"curies":[{"name":"wp","href":"https:\/\/api.w.org\/{rel}","templated":true}]}}